. Let i = -11 - -16. Suppose 2*d - g = -i*l + 1506, -2*d = 0. Is l a composite number?
False
Let x(h) = 35*h**3 + 3*h**2 - 11*h + 173. Is x(20) prime?
True
Let c = 259779 + -149740. Suppose -2*q - 302431 = -3*l, -5*q + c + 293210 = 4*l. Is l composite?
False
Suppose -71*n + 339 = -16*n - 101. Let s(m) = 5*m**2 + 2 + 14 - 5. Is s(n) a composite number?
False
Let k(n) = 479*n**2 + 32*n - 176. Is k(5) prime?
True
Suppose 2*g - 7*g + 1330 = 0. Suppose y - 75 = g. Is y composite?
True
Let u(g) = -3*g + 23. Let f be u(7). Let x(t) = 4*t**2 - 2*t + 8. Let j be x(f). Suppose -c + 59 = o - 190, -j = 4*o. Is c prime?
False
Let t be ((-66)/44)/((-6)/(-112)*-1). Suppose -18 = 2*g - t. Suppose 4*w + 259 = g*w. Is w prime?
False
Let d = 6 + 67. Let b = d - -220. Is b prime?
True
Let p = 119 + -117. Suppose c - 5*b = 2129, -c + p*b = 6*b - 2165. Is c a prime number?
False
Suppose -b + 4*q - 125 = 186, 0 = -4*b + 3*q - 1205. Let n(a) = 315*a + 141. Let f be n(3). Let x = b + f. Is x a composite number?
False
Let q be (35/(-21))/(1/(-135)). Suppose q*f = 230*f - 66745. Is f a composite number?
True
Let w(s) be the third derivative of -s**4/24 + 5*s**3/3 - 40*s**2. Let j be w(8). Suppose -j*q + 1577 = -3*c, -5*c + 278 + 504 = q. Is q a composite number?
False
Let o = 17 + 0. Let g(h) = 16*h**2 + 36*h - 4. Let y be g(o). Suppose 1817 - y = -5*k. Is k composite?
False
Let k(v) = 5*v**2 - v + 28. Let w be k(0). Suppose -w*o + 17406 = -19*o. Is o prime?
False
Let n = -3217 - -14023. Suppose -4*m = -7*m - 3*k + 16221, -2*m - 4*k = -n. Is m composite?
True
Let q(d) = d**3 + 3*d**2 - d - 5. Let v be q(-3). Let p(w) = -2*w**2 - 4*w - 5. Let f be p(v). Is ((-4)/f)/(1 - 233/235) a prime number?
False
Let i be 7 - 304 - (4 + -5 - 0). Let d = 99 - i. Is d a composite number?
True
Suppose 8*l = -0*l + 16. Is ((-60)/12 + 3)*(-2785)/l a prime number?
False
Is 48/204 + (-3707982)/(-102) composite?
False
Let v(n) be the third derivative of -283*n**6/60 + n**5/60 - n**4/24 - n**3/2 + n**2 + 3. Is v(-2) composite?
True
Is (-68176)/(-2) + 7*(-5)/(-7) a prime number?
False
Suppose 40*m - 33*m + i - 398875 = 0, -3*m + 170979 = -5*i. Is m a prime number?
True
Let s(a) = 4*a**3 + 2*a**2 + 2*a + 5541. Is s(0) prime?
False
Suppose -6*r + 2*k = -8*r + 234522, 3*r + 2*k - 351785 = 0. Suppose 43*d - r - 202872 = 0. Is d a composite number?
True
Suppose -9*r - 8*r = -400061. Let b = r + -12530. Is b prime?
True
Suppose 14*u - 185473 = 153103. Suppose 4*x - u = -v, -5*x + 5*v + 24876 = -5379. Is x a prime number?
True
Suppose 8593848 = -22*v + 20*v + 26*v. Is v composite?
True
Suppose 37031262 = 287*z - 211*z + 12870634. Is z a prime number?
True
Is (-309)/103*(-74258)/(-6)*(2 - 3) prime?
False
Suppose 2*d - 126 = -16*d. Suppose -d*p = 15*p - 159214. Is p composite?
False
Suppose 3*h - 689896 = -5*c - h, 4*c - 551916 = -3*h. Suppose -4*t = -2*b - 128254 + 17876, c = 5*t + b. Is t a prime number?
False
Suppose -8 = 4*n - 16. Suppose n*x + 2*x - 2036 = -4*z, 5*x = 4*z - 2036. Is z prime?
True
Let l(s) = -s**3 - 8*s**2 - 11*s - 24. Let j be l(-7). Suppose 0 = j*w + 5*h - 14213, 10686 = -3*w + 6*w - 5*h. Is w composite?
False
Let i = -255 + 212. Let v = i + 81. Is v prime?
False
Suppose 4*d + 262295 = s - 632166, -s = -d - 894452. Is s composite?
False
Suppose 0 = 31*y + 28*y - 1565801. Is y a prime number?
True
Let a = 66794 + 872363. Is a composite?
False
Let y(p) = -73*p**2 + 7*p + 3. Let a(m) = m**2 - m. Let v(q) = -6*a(q) - y(q). Suppose -14*d + 34 = 6. Is v(d) a composite number?
False
Suppose -3*c + 4 = x + 12, 3*c + 10 = x. Let p = 6 + c. Suppose a + 4*a = 5*t - 690, p*t = -2*a + 389. Is t composite?
True
Let c(m) = -m**3 - 3*m**2 + m - 2. Let p be c(-4). Suppose -p*l + 27 = -l. Suppose 4*r + 5*w = 2828, l*w = -4*r - r + 3535. Is r a prime number?
False
Suppose -28*g = -18*g - 140. Is 53016/g + (-5 - (-144)/28) prime?
False
Suppose 0 = -39*p + 40*p + 3*u - 351, 4*p + 5*u = 1411. Suppose -32329 = p*x - 355*x. Is x a composite number?
True
Let m(n) = -9 + 3 + 12 - 174*n. Let f be m(-7). Let w = f - 345. Is w composite?
True
Suppose 0 = 104*d - 107*d - 1047. Let b = 1146 + d. Is b a composite number?
False
Let d(v) = 30*v**2 + 3*v - 11. Suppose 7*g - g - 120 = 0. Suppose 5*q - 6 - g = 3*m, -5*m = 3*q - 2. Is d(q) prime?
False
Is 4007568/406 - 4/(-28) composite?
False
Suppose -4*w - 35 = -3*z, -3*z - 10*w + 12*w + 25 = 0. Let n(l) = 257*l**2 - 10*l + 3. Let s be n(-7). Suppose -s = -z*i - 2921. Is i prime?
True
Suppose -10*s - 56 = -14*s - 2*v, -2*v = 0. Suppose -2*o = 16*t - s*t - 744, 3*t = 2*o + 1121. Is t a prime number?
True
Let k(u) = -3257*u + 8741. Is k(-40) prime?
True
Let y(i) = -i**3 + 21*i**2 + 22*i + 3. Let f be y(22). Suppose 5*p - 3*b - b - 4917 = 0, f*b + 4919 = 5*p. Is p prime?
False
Let w(x) = -x**2 - 17*x - 15. Let v be w(-15). Suppose 7*b - 2*b - v = 0. Suppose b*r - 717 = 306. Is r prime?
False
Suppose 33790477 = 263*c - 1488606. Is c a prime number?
False
Let x(q) be the third derivative of 1303*q**6/20 - q**5/30 - q**4/24 + q**3/3 + 84*q**2. Is x(1) prime?
True
Suppose -2*j - 7 = -z, 9*j = -4*z + 4*j + 2. Let u be 2 + -9 + 13300/38. Suppose -z*h + 10*h = u. Is h a composite number?
True
Suppose -77*j + 10744930 = -464191. Is j a prime number?
False
Let j(h) = h + 5. Suppose -4*u - u - 7 = -t, -17 = u + 5*t. Let o be j(u). Suppose n + 2422 = o*n. Is n a composite number?
True
Let i(m) = -4*m - 12. Let j be i(-9). Suppose 27*y - 936 = j*y. Suppose -623 - y = -5*d. Is d a prime number?
False
Let m(y) = y**2 - 11*y + 3. Let a be m(0). Suppose -3*d + k + 4432 = 0, -3*k = d + a*d - 5905. Is d a prime number?
False
Is 18/(-126)*(-28)/(-12)*-21207 prime?
True
Suppose 0 = -7*p + 72 + 33. Suppose 5 = -2*i + p. Suppose i*y - 1547 - 1033 = -5*f, 2578 = 5*f + 3*y. Is f composite?
True
Let o = 9533 + -3473. Suppose 12*a + o = 8*a. Let m = 2792 + a. Is m prime?
True
Let h(v) = 455*v + 307. Suppose 72 = -23*b + 26*b. Is h(b) prime?
False
Let w be (-1 + (3315 - (5 - 5)))/1. Is (w - 0)*(130/20 + -6) a prime number?
True
Let q(b) = -b**2 + 17*b - 45. Let c be q(11). Let a(d) = 1913*d + 20. Is a(c) prime?
True
Let y be (-5 - -3 - -2)/(-3 - -2). Suppose -5*f = 4*o - 7003, y = -5*f - 4*o + 6*o + 6991. Is f a composite number?
False
Let n(d) = 107324*d - 6241. Is n(11) composite?
True
Is 2320429 + -4 - (-8 - -7)*-9 - -5 composite?
False
Suppose -611314 = -2*w + 3*t, -172235 = -w - 4*t + 133444. Is w a prime number?
True
Let n = 440 + -436. Suppose -n*w - 2*h = -9898, w = -0*w + h + 2470. Is w prime?
True
Let y be (-21*1 - (-8 - 0))*(-1 + 0). Let i(t) = 123*t + 4. Let m(b) = -124*b - 3. Let f(g) = -2*i(g) - 3*m(g). Is f(y) a prime number?
False
Let j(f) = -103*f + 10. Let k = 8 + -15. Let b be j(k). Suppose -113 = 6*s - b. Is s a prime number?
True
Suppose -4*d - a + 21 = 0, -4*a + 4 = -4*d - 0*d. Let y = d + 0. Suppose -2*o - 2*n + 352 = -0*o, y*n + 535 = 3*o. Is o a composite number?
True
Suppose -x + h - 71406 = -369444, -15 = -3*h. Is x composite?
False
Let t = 2165 - 2168. Let n(h) = -1. Let l(d) = 346*d - 11. Let w(r) = -l(r) + 6*n(r). Is w(t) composite?
True
Let x(k) be the third derivative of 69*k**5/20 + k**4/4 - k**3/6 - 3*k**2. Let r be x(2). Suppose o = -z - 2*o + r, -3*o = 5*z - 4195. Is z composite?
False
Let r(k) = 12*k - 11. Let c(g) = -46*g + 43. Let p(i) = -6*c(i) - 22*r(i). Let d be p(6). Suppose -3*z - d = -338. Is z composite?
True
Suppose -5*b - 3*m = -2026, 5*m - 4*m = -4*b + 1618. Suppose 5*n - b - 346 = 0. Suppose 2*l + n - 429 = 5*g, l = 4*g + 147. Is l a composite number?
False
Let w = 12669 + -14724. Suppose -23392 = 3*b + 2*q, 14 + 1 = -3*q. Let h = w - b. Is h a prime number?
False
Suppose v - 2 = -w, 5*w + 2*v = 5 + 5. Suppose -3*t = l - 20665, 3*t - w*l = 3*l + 20641. Is t prime?
False
Suppose -5*k + 60630 + 460684 = -3*n, -4*n - 104239 = -k. Is k a prime number?
False
Let q(d) = 3*d + 1. Let i be q(0). Let o be i/(-2)*2*-18. Is 35006/o - 4/(-18) a composite number?
True
Let b be 264/56 + (-6)/(-21). Suppose -b*y = 12*y - 55267. Is y a prime number?
True
Let q be 20*(3 + 13/(-5)). Let g be q/(-3)*12717/(-18). Suppose -12*j + g = -1368. Is j a composite number?
False
Let u(r) = r**2 + 17*r - 22. Let d be u(-17). Let b = 33 + d. Is 59*((-1 - -1) + b) composi